y 184443?
222
Calculate the remainder when 2452 is divided by 579.
136
Calculate the remainder when 32526 is divided by 15857.
812
Calculate the remainder when 20504714 is divided by 615.
614
Calculate the remainder when 25454 is divided by 2638.
1712
What is the remainder when 328419715 is divided by 2160656?
3
What is the remainder when 40623776 is divided by 399?
389
What is the remainder when 193908 is divided by 193739?
169
What is the remainder when 89779 is divided by 29413?
1540
What is the remainder when 47886 is divided by 227?
216
What is the remainder when 193129 is divided by 7724?
29
Calculate the remainder when 211061 is divided by 1338.
995
Calculate the remainder when 9069519 is divided by 22.
19
Calculate the remainder when 36346 is divided by 476.
170
Calculate the remainder when 3342773 is divided by 43.
39
Calculate the remainder when 41890601 is divided by 466.
463
What is the remainder when 17973419 is divided by 544649?
2
Calculate the remainder when 39671 is divided by 14153.
11365
What is the remainder when 9851 is divided by 3941?
1969
What is the remainder when 3593452 is divided by 223?
30
Calculate the remainder when 12715 is divided by 12449.
266
Calculate the remainder when 39888071 is divided by 252.
251
What is the remainder when 439195 is divided by 5042?
541
What is the remainder when 22711824 is divided by 102?
96
Calculate the remainder when 11430588 is divided by 1905097.
6
Calculate the remainder when 342721 is divided by 10700.
321
What is the remainder when 164437 is divided by 587?
77
What is the remainder when 4960147 is divided by 13?
10
Calculate the remainder when 10562322 is divided by 15955.
112
What is the remainder when 42047465 is divided by 11?
9
What is the remainder when 982631 is divided by 5295?
3056
What is the remainder when 30658135 is divided by 249?
10
Calculate the remainder when 20017242 is divided by 3336205.
12
What is the remainder when 582726 is divided by 58249?
236
Calculate the remainder when 258856 is divided by 3235.
56
Calculate the remainder when 15235125 is divided by 353.
351
What is the remainder when 2806845 is divided by 52953?
336
What is the remainder when 4721693 is divided by 4689?
4559
What is the remainder when 2807332 is divided by 29243?
4
What is the remainder when 3775691 is divided by 943755?
671
Calculate the remainder when 785388 is divided by 534.
408
What is the remainder when 10763503 is divided by 12?
7
Calculate the remainder when 1280163 is divided by 55.
38
Calculate the remainder when 336535 is divided by 11588.
483
What is the remainder when 7616347 is divided by 50?
47
Calculate the remainder when 11513248 is divided by 765.
763
What is the remainder when 217019 is divided by 3875?
19
What is the remainder when 138351 is divided by 69170?
11
What is the remainder when 41349004 is divided by 1790?
4
What is the remainder when 35286361 is divided by 1283?
12
Calculate the remainder when 424767518 is divided by 916.
914
What is the remainder when 593353 is divided by 148338?
1
What is the remainder when 1432772 is divided by 1931?
1901
Calculate the remainder when 33430 is divided by 6187.
2495
Calculate the remainder when 58863734 is divided by 381.
377
What is the remainder when 340294 is divided by 78?
58
Calculate the remainder when 4620994 is divided by 88.
26
Calculate the remainder when 587354 is divided by 65258.
32
What is the remainder when 635282 is divided by 14434?
186
What is the remainder when 3439703 is divided by 673?
0
Calculate the remainder when 105983 is divided by 35265.
188
What is the remainder when 5214311 is divided by 4878?
4607
Calculate the remainder when 7356702 is divided by 565.
402
What is the remainder when 17776908 is divided by 1511?
1504
Calculate the remainder when 1015338 is divided by 933.
234
What is the remainder when 606922 is divided by 2683?
564
Calculate the remainder when 96446 is divided by 13761.
119
Calculate the remainder when 63620 is divided by 64.
4
Calculate the remainder when 40644 is divided by 1902.
702
Calculate the remainder when 1844254 is divided by 83.
77
Calculate the remainder when 42969252 is divided by 2261539.
11
Calculate the remainder when 116127 is divided by 10557.
0
Calculate the remainder when 52979 is divided by 9.
5
Calculate the remainder when 585098 is divided by 292501.
96
Calculate the remainder when 57592658 is divided by 211.
208
What is the remainder when 1888856 is divided by 12108?
8
What is the remainder when 13815090 is divided by 15?
0
What is the remainder when 451190744 is divided by 173?
170
What is the remainder when 3056829 is divided by 192?
189
Calculate the remainder when 2178495 is divided by 9002.
11
Calculate the remainder when 2722251 is divided by 3018.
15
What is the remainder when 87517 is divided by 149?
54
Calculate the remainder when 1489809 is divided by 1819.
48
What is the remainder when 3969858 is divided by 4080?
18
Calculate the remainder when 3497259 is divided by 3497233.
26
What is the remainder when 16137871 is divided by 5379285?
16
Calculate the remainder when 887114 is divided by 1487.
862
What is the remainder when 73913 is divided by 666?
653
What is the remainder when 18969 is divided by 17481?
1488
Calculate the remainder when 284173 is divided by 8880.
13
Calculate the remainder when 132847 is divided by 279.
43
Calculate the remainder when 113608 is divided by 6.
4
Calculate the remainder when 59970906 is divided by 2602.
10
Calculate the remainder when 22073 is divided by 10450.
1173
What is the remainder when 229823777 is divided by 10?
7
What is the remainder when 254166 is divided by 182?
94
What is the remainder when 102705307 is divided by 87?
67
Calculate the remainder when 5999422 is divided by 871.
845
What is the remainder when 25913104 is divided by 108423?
7
Calculate the remainder when 1809930 is divided by 7357.
108
Calculate the remainder when 4952698 is divided by 3109.
61
What is the remainder when 8607691 is divided by 14714?
1
Calculate the remainder when 5820321 is divided by 176.
1
What is the remainder when 26769594 is divided by 2340?
2334
Calculate the remainder when 160373927 is divided by 1689.
1688
What is the remainder when 2275947 is divided by 246?
201
What is the remainder when 354938 is divided by 354544?
394
Calculate the remainder when 117236 is divided by 3375.
2486
What is the remainder when 294362 is divided by 449?
267
What is the remainder when 7714950 is divided by 1542988?
10
What is the remainder when 92217 is divided by 2502?
2145
What is the remainder when 466074368 is divided by 1255?
1253
What is the remainder when 302609 is divided by 2238?
479
What is the remainder when 19624061 is divided by 2452994?
109
Calculate the remainder when 26776 is divided by 2132.
1192
What is the remainder when 1303472 is divided by 1434?
1400
What is the remainder when 134914 is divided by 25947?
5179
What is the remainder when 6308 is divided by 1262?
1260
What is the remainder when 4861281 is divided by 1020?
981
Calculate the remainder when 145827359 is divided by 60.
59
What is the remainder when 1007475 is divided by 503735?
5
Calculate the remainder when 66013 is divided by 2051.
381
What is the remainder when 190042 is divided by 2792?
186
Calculate the remainder when 2991590 is divided by 52.
30
What is the remainder when 99394916 is divided by 20231?
13
Calculate the remainder when 9322444 is divided by 121.
120
What is the remainder when 2521365284 is divided by 255?
254
Calculate the remainder when 4007102 is divided by 486.
32
Calculate the remainder when 497236 is divided by 977.
920
What is the remainder when 6728337 is divided by 4229?
4227
What is the remainder when 8985381 is divided by 2068?
1989
What is the remainder when 310534 is divided by 103269?
727
Calculate the remainder when 350322 is divided by 4998.
462
Calculate the remainder when 18781 is divided by 4606.
357
What is the remainder when 362746 is divided by 4219?
4131
Calculate the remainder when 3877825 is divided by 33.
28
Calculate the remainder when 67763726 is divided by 1884.
14
What is the remainder when 632126 is divided by 4451?
84
What is the remainder when 25665394 is divided by 8601?
10
Calculate th